{"id":1473,"date":"2023-02-09T13:21:03","date_gmt":"2023-02-09T16:21:03","guid":{"rendered":"https:\/\/sebastiaogomesneto.adv.br\/?page_id=1473"},"modified":"2023-02-23T16:29:15","modified_gmt":"2023-02-23T19:29:15","slug":"dr-sebastiao-gomes-neto","status":"publish","type":"page","link":"https:\/\/sebastiaogomesneto.adv.br\/?page_id=1473","title":{"rendered":"Dr. Sebasti\u00e3o Gomes Neto"},"content":{"rendered":"\t\t<div data-elementor-type=\"wp-page\" data-elementor-id=\"1473\" class=\"elementor elementor-1473\">\n\t\t\t\t<div class=\"elementor-element elementor-element-940a307 e-flex e-con-boxed e-con e-parent\" data-id=\"940a307\" data-element_type=\"container\" data-e-type=\"container\" data-settings=\"{&quot;background_background&quot;:&quot;classic&quot;}\">\n\t\t\t\t\t<div class=\"e-con-inner\">\n\t\t<div class=\"elementor-element elementor-element-0d55cfe e-con-full e-flex e-con e-child\" data-id=\"0d55cfe\" data-element_type=\"container\" data-e-type=\"container\">\n\t\t<div class=\"elementor-element elementor-element-7b75263 e-flex e-con-boxed e-con e-child\" data-id=\"7b75263\" data-element_type=\"container\" data-e-type=\"container\">\n\t\t\t\t\t<div class=\"e-con-inner\">\n\t\t\t\t<div class=\"elementor-element elementor-element-a5af13f elementor-widget-divider--view-line elementor-widget elementor-widget-divider\" data-id=\"a5af13f\" data-element_type=\"widget\" data-e-type=\"widget\" data-widget_type=\"divider.default\">\n\t\t\t\t<div class=\"elementor-widget-container\">\n\t\t\t\t\t\t\t<div class=\"elementor-divider\">\n\t\t\t<span class=\"elementor-divider-separator\">\n\t\t\t\t\t\t<\/span>\n\t\t<\/div>\n\t\t\t\t\t\t<\/div>\n\t\t\t\t<\/div>\n\t\t\t\t<div class=\"elementor-element elementor-element-b9cd0b2 elementor-widget elementor-widget-heading\" data-id=\"b9cd0b2\" data-element_type=\"widget\" data-e-type=\"widget\" data-widget_type=\"heading.default\">\n\t\t\t\t<div class=\"elementor-widget-container\">\n\t\t\t\t\t<h2 class=\"elementor-heading-title elementor-size-default\">Dr. Sebasti\u00e3o Gomes Neto - OAB 50.000<\/h2>\t\t\t\t<\/div>\n\t\t\t\t<\/div>\n\t\t\t\t\t<\/div>\n\t\t\t\t<\/div>\n\t\t<div class=\"elementor-element elementor-element-5e70ebe e-flex e-con-boxed e-con e-child\" data-id=\"5e70ebe\" data-element_type=\"container\" data-e-type=\"container\">\n\t\t\t\t\t<div class=\"e-con-inner\">\n\t\t\t\t<div class=\"elementor-element elementor-element-7bb632f elementor-widget__width-initial elementor-widget elementor-widget-text-editor\" data-id=\"7bb632f\" data-element_type=\"widget\" data-e-type=\"widget\" data-widget_type=\"text-editor.default\">\n\t\t\t\t<div class=\"elementor-widget-container\">\n\t\t\t\t\t\t\t\t\t<p>Sebasti\u00e3o Barbosa Gomes Neto nasceu em Jata\u00ed, Goi\u00e1s. Filho de uma costureira, desde os 10 anos de idade trabalhou com seu av\u00f4. Com uma mente criativa, sempre soube que queria ser advogado, e assim estudou at\u00e9 ser aprovado no vestibular da Universidade Federal de Goi\u00e1s. Ap\u00f3s ser aprovado no Exame da Ordem dos Advogados do Brasil ainda no oitavo per\u00edodo de faculdade, fez duas especializa\u00e7\u00f5es: em Direito Tribut\u00e1rio pelo IBET\/GO e em Direito do Trabalho pela PUC\/MG. Seus artigos foram publicados na Revista Jur\u00eddica Conjur e atualmente atua principalmente na \u00e1rea trabalhista, defendendo os direitos dos trabalhadores e dos empregadores e oferecendo assessoria jur\u00eddica personalizada para seus clientes.<\/p>\t\t\t\t\t\t\t\t<\/div>\n\t\t\t\t<\/div>\n\t\t\t\t\t<\/div>\n\t\t\t\t<\/div>\n\t\t\t\t<\/div>\n\t\t<div class=\"elementor-element elementor-element-68d60d5 e-con-full e-flex e-con e-child\" data-id=\"68d60d5\" data-element_type=\"container\" data-e-type=\"container\" data-settings=\"{&quot;background_background&quot;:&quot;classic&quot;}\">\n\t\t\t\t<\/div>\n\t\t\t\t\t<\/div>\n\t\t\t\t<\/div>\n\t\t\t\t<section class=\"elementor-section elementor-top-section elementor-element elementor-element-105d73b elementor-section-boxed elementor-section-height-default elementor-section-height-default\" data-id=\"105d73b\" data-element_type=\"section\" data-e-type=\"section\" data-settings=\"{&quot;background_background&quot;:&quot;classic&quot;}\">\n\t\t\t\t\t\t<div class=\"elementor-container elementor-column-gap-no\">\n\t\t\t\t\t<div class=\"elementor-column elementor-col-100 elementor-top-column elementor-element elementor-element-eb7eaca\" data-id=\"eb7eaca\" data-element_type=\"column\" data-e-type=\"column\">\n\t\t\t<div class=\"elementor-widget-wrap elementor-element-populated\">\n\t\t\t\t\t\t<div class=\"elementor-element elementor-element-16e36dd elementor-widget-divider--view-line elementor-widget elementor-widget-divider\" data-id=\"16e36dd\" data-element_type=\"widget\" data-e-type=\"widget\" data-widget_type=\"divider.default\">\n\t\t\t\t<div class=\"elementor-widget-container\">\n\t\t\t\t\t\t\t<div class=\"elementor-divider\">\n\t\t\t<span class=\"elementor-divider-separator\">\n\t\t\t\t\t\t<\/span>\n\t\t<\/div>\n\t\t\t\t\t\t<\/div>\n\t\t\t\t<\/div>\n\t\t\t\t<div class=\"elementor-element elementor-element-5b2d114 elementor-widget elementor-widget-heading\" data-id=\"5b2d114\" data-element_type=\"widget\" data-e-type=\"widget\" data-widget_type=\"heading.default\">\n\t\t\t\t<div class=\"elementor-widget-container\">\n\t\t\t\t\t<h2 class=\"elementor-heading-title elementor-size-default\">Cursos<\/h2>\t\t\t\t<\/div>\n\t\t\t\t<\/div>\n\t\t\t\t<section class=\"elementor-section elementor-inner-section elementor-element elementor-element-bb87494 elementor-section-boxed elementor-section-height-default elementor-section-height-default\" data-id=\"bb87494\" data-element_type=\"section\" data-e-type=\"section\">\n\t\t\t\t\t\t<div class=\"elementor-container elementor-column-gap-default\">\n\t\t\t\t\t<div class=\"elementor-column elementor-col-33 elementor-inner-column elementor-element elementor-element-b4e2aa9\" data-id=\"b4e2aa9\" data-element_type=\"column\" data-e-type=\"column\" data-settings=\"{&quot;background_background&quot;:&quot;classic&quot;}\">\n\t\t\t<div class=\"elementor-widget-wrap elementor-element-populated\">\n\t\t\t\t\t\t<div class=\"elementor-element elementor-element-5087aab elementor-position-top elementor-widget elementor-widget-image-box\" data-id=\"5087aab\" data-element_type=\"widget\" data-e-type=\"widget\" data-widget_type=\"image-box.default\">\n\t\t\t\t<div class=\"elementor-widget-container\">\n\t\t\t\t\t<div class=\"elementor-image-box-wrapper\"><figure class=\"elementor-image-box-img\"><img decoding=\"async\" src=\"https:\/\/sebastiaogomesneto.adv.br\/wp-content\/uploads\/2021\/03\/award6.svg\" class=\"attachment-full size-full wp-image-749\" alt=\"\" \/><\/figure><div class=\"elementor-image-box-content\"><h4 class=\"elementor-image-box-title\">Instituto Goiano de Direito do Trabalho, IGT, Brasil<\/h4><p class=\"elementor-image-box-description\">Riscos jur\u00eddicos e econ\u00f4micos do indiscriminado uso de agrot\u00f3xicos.<\/p><\/div><\/div>\t\t\t\t<\/div>\n\t\t\t\t<\/div>\n\t\t\t\t\t<\/div>\n\t\t<\/div>\n\t\t\t\t<div class=\"elementor-column elementor-col-33 elementor-inner-column elementor-element elementor-element-d5cf166\" data-id=\"d5cf166\" data-element_type=\"column\" data-e-type=\"column\" data-settings=\"{&quot;background_background&quot;:&quot;classic&quot;}\">\n\t\t\t<div class=\"elementor-widget-wrap elementor-element-populated\">\n\t\t\t\t\t\t<div class=\"elementor-element elementor-element-3b24257 elementor-position-top elementor-widget elementor-widget-image-box\" data-id=\"3b24257\" data-element_type=\"widget\" data-e-type=\"widget\" data-widget_type=\"image-box.default\">\n\t\t\t\t<div class=\"elementor-widget-container\">\n\t\t\t\t\t<div class=\"elementor-image-box-wrapper\"><figure class=\"elementor-image-box-img\"><img decoding=\"async\" src=\"https:\/\/sebastiaogomesneto.adv.br\/wp-content\/uploads\/2021\/03\/award5.svg\" class=\"attachment-full size-full wp-image-748\" alt=\"\" \/><\/figure><div class=\"elementor-image-box-content\"><h4 class=\"elementor-image-box-title\">Instituto Brasileiro de Direito do Agroneg\u00f3cio, IBDA, Brasil<\/h4><p class=\"elementor-image-box-description\">Nova NR-31 e implica\u00e7\u00f5es nas rela\u00e7\u00f5es de trabalho no agroneg\u00f3cio.<\/p><\/div><\/div>\t\t\t\t<\/div>\n\t\t\t\t<\/div>\n\t\t\t\t\t<\/div>\n\t\t<\/div>\n\t\t\t\t<div class=\"elementor-column elementor-col-33 elementor-inner-column elementor-element elementor-element-bdf626a\" data-id=\"bdf626a\" data-element_type=\"column\" data-e-type=\"column\" data-settings=\"{&quot;background_background&quot;:&quot;classic&quot;}\">\n\t\t\t<div class=\"elementor-widget-wrap elementor-element-populated\">\n\t\t\t\t\t\t<div class=\"elementor-element elementor-element-ccf4da9 elementor-position-top elementor-widget elementor-widget-image-box\" data-id=\"ccf4da9\" data-element_type=\"widget\" data-e-type=\"widget\" data-widget_type=\"image-box.default\">\n\t\t\t\t<div class=\"elementor-widget-container\">\n\t\t\t\t\t<div class=\"elementor-image-box-wrapper\"><figure class=\"elementor-image-box-img\"><img decoding=\"async\" src=\"https:\/\/sebastiaogomesneto.adv.br\/wp-content\/uploads\/2021\/03\/award5.svg\" class=\"attachment-full size-full wp-image-748\" alt=\"\" \/><\/figure><div class=\"elementor-image-box-content\"><h4 class=\"elementor-image-box-title\">Insper Instituto de Ensino e Pesquisa, INSPER, Brasil<\/h4><p class=\"elementor-image-box-description\">Direito do Trabalho: solu\u00e7\u00f5es em Tempos de crise.<\/p><\/div><\/div>\t\t\t\t<\/div>\n\t\t\t\t<\/div>\n\t\t\t\t\t<\/div>\n\t\t<\/div>\n\t\t\t\t\t<\/div>\n\t\t<\/section>\n\t\t\t\t<section class=\"elementor-section elementor-inner-section elementor-element elementor-element-f855071 elementor-section-boxed elementor-section-height-default elementor-section-height-default\" data-id=\"f855071\" data-element_type=\"section\" data-e-type=\"section\">\n\t\t\t\t\t\t<div class=\"elementor-container elementor-column-gap-default\">\n\t\t\t\t\t<div class=\"elementor-column elementor-col-33 elementor-inner-column elementor-element elementor-element-7e3b849\" data-id=\"7e3b849\" data-element_type=\"column\" data-e-type=\"column\" data-settings=\"{&quot;background_background&quot;:&quot;classic&quot;}\">\n\t\t\t<div class=\"elementor-widget-wrap elementor-element-populated\">\n\t\t\t\t\t\t<div class=\"elementor-element elementor-element-01e25b0 elementor-position-top elementor-widget elementor-widget-image-box\" data-id=\"01e25b0\" data-element_type=\"widget\" data-e-type=\"widget\" data-widget_type=\"image-box.default\">\n\t\t\t\t<div class=\"elementor-widget-container\">\n\t\t\t\t\t<div class=\"elementor-image-box-wrapper\"><figure class=\"elementor-image-box-img\"><img decoding=\"async\" src=\"https:\/\/sebastiaogomesneto.adv.br\/wp-content\/uploads\/2021\/03\/award5.svg\" class=\"attachment-full size-full wp-image-748\" alt=\"\" \/><\/figure><div class=\"elementor-image-box-content\"><h4 class=\"elementor-image-box-title\">Tribunal De Justi\u00e7a Do Estado De Goi\u00e1s, TJGO, Brasil<\/h4><p class=\"elementor-image-box-description\">T\u00e9cnicas De Concilia\u00e7\u00e3o Avan\u00e7adas<\/p><\/div><\/div>\t\t\t\t<\/div>\n\t\t\t\t<\/div>\n\t\t\t\t\t<\/div>\n\t\t<\/div>\n\t\t\t\t<div class=\"elementor-column elementor-col-33 elementor-inner-column elementor-element elementor-element-fc30233\" data-id=\"fc30233\" data-element_type=\"column\" data-e-type=\"column\" data-settings=\"{&quot;background_background&quot;:&quot;classic&quot;}\">\n\t\t\t<div class=\"elementor-widget-wrap elementor-element-populated\">\n\t\t\t\t\t\t<div class=\"elementor-element elementor-element-920f0f0 elementor-position-top elementor-widget elementor-widget-image-box\" data-id=\"920f0f0\" data-element_type=\"widget\" data-e-type=\"widget\" data-widget_type=\"image-box.default\">\n\t\t\t\t<div class=\"elementor-widget-container\">\n\t\t\t\t\t<div class=\"elementor-image-box-wrapper\"><figure class=\"elementor-image-box-img\"><img decoding=\"async\" src=\"https:\/\/sebastiaogomesneto.adv.br\/wp-content\/uploads\/2021\/03\/award3.svg\" class=\"attachment-full size-full wp-image-746\" alt=\"\" \/><\/figure><div class=\"elementor-image-box-content\"><h4 class=\"elementor-image-box-title\">Rede Juris, Brasil<\/h4><p class=\"elementor-image-box-description\">T\u00e9cnicas De Concilia\u00e7\u00e3o <\/p><\/div><\/div>\t\t\t\t<\/div>\n\t\t\t\t<\/div>\n\t\t\t\t\t<\/div>\n\t\t<\/div>\n\t\t\t\t<div class=\"elementor-column elementor-col-33 elementor-inner-column elementor-element elementor-element-4e7f6e6\" data-id=\"4e7f6e6\" data-element_type=\"column\" data-e-type=\"column\" data-settings=\"{&quot;background_background&quot;:&quot;classic&quot;}\">\n\t\t\t<div class=\"elementor-widget-wrap elementor-element-populated\">\n\t\t\t\t\t\t<div class=\"elementor-element elementor-element-039fc69 elementor-position-top elementor-widget elementor-widget-image-box\" data-id=\"039fc69\" data-element_type=\"widget\" data-e-type=\"widget\" data-widget_type=\"image-box.default\">\n\t\t\t\t<div class=\"elementor-widget-container\">\n\t\t\t\t\t<div class=\"elementor-image-box-wrapper\"><figure class=\"elementor-image-box-img\"><img decoding=\"async\" src=\"https:\/\/sebastiaogomesneto.adv.br\/wp-content\/uploads\/2021\/03\/award1.svg\" class=\"attachment-full size-full wp-image-744\" alt=\"\" \/><\/figure><div class=\"elementor-image-box-content\"><h4 class=\"elementor-image-box-title\">TJGO, Brasil<\/h4><p class=\"elementor-image-box-description\">O Novo C\u00f3digo De Processo Civil: Mudan\u00e7as E Perspectivas.<\/p><\/div><\/div>\t\t\t\t<\/div>\n\t\t\t\t<\/div>\n\t\t\t\t\t<\/div>\n\t\t<\/div>\n\t\t\t\t\t<\/div>\n\t\t<\/section>\n\t\t\t\t\t<\/div>\n\t\t<\/div>\n\t\t\t\t\t<\/div>\n\t\t<\/section>\n\t\t\t\t<section class=\"elementor-section elementor-top-section elementor-element elementor-element-08afb61 elementor-section-boxed elementor-section-height-default elementor-section-height-default\" data-id=\"08afb61\" data-element_type=\"section\" data-e-type=\"section\" data-settings=\"{&quot;background_background&quot;:&quot;classic&quot;}\">\n\t\t\t\t\t\t<div class=\"elementor-container elementor-column-gap-no\">\n\t\t\t\t\t<div class=\"elementor-column elementor-col-100 elementor-top-column elementor-element elementor-element-8f9b36d\" data-id=\"8f9b36d\" data-element_type=\"column\" data-e-type=\"column\">\n\t\t\t<div class=\"elementor-widget-wrap elementor-element-populated\">\n\t\t\t\t\t\t<div class=\"elementor-element elementor-element-03f7f50 elementor-widget-divider--view-line elementor-widget elementor-widget-divider\" data-id=\"03f7f50\" data-element_type=\"widget\" data-e-type=\"widget\" data-widget_type=\"divider.default\">\n\t\t\t\t<div class=\"elementor-widget-container\">\n\t\t\t\t\t\t\t<div class=\"elementor-divider\">\n\t\t\t<span class=\"elementor-divider-separator\">\n\t\t\t\t\t\t<\/span>\n\t\t<\/div>\n\t\t\t\t\t\t<\/div>\n\t\t\t\t<\/div>\n\t\t\t\t<div class=\"elementor-element elementor-element-dffb9ea elementor-widget elementor-widget-heading\" data-id=\"dffb9ea\" data-element_type=\"widget\" data-e-type=\"widget\" data-widget_type=\"heading.default\">\n\t\t\t\t<div class=\"elementor-widget-container\">\n\t\t\t\t\t<h2 class=\"elementor-heading-title elementor-size-default\">Artigos publicados<\/h2>\t\t\t\t<\/div>\n\t\t\t\t<\/div>\n\t\t\t\t<section class=\"elementor-section elementor-inner-section elementor-element elementor-element-8e20fca elementor-section-boxed elementor-section-height-default elementor-section-height-default\" data-id=\"8e20fca\" data-element_type=\"section\" data-e-type=\"section\">\n\t\t\t\t\t\t<div class=\"elementor-container elementor-column-gap-default\">\n\t\t\t\t\t<div class=\"elementor-column elementor-col-50 elementor-inner-column elementor-element elementor-element-6b5fc47\" data-id=\"6b5fc47\" data-element_type=\"column\" data-e-type=\"column\" data-settings=\"{&quot;background_background&quot;:&quot;classic&quot;}\">\n\t\t\t<div class=\"elementor-widget-wrap elementor-element-populated\">\n\t\t\t\t\t\t<div class=\"elementor-element elementor-element-ddd5587 elementor-position-top elementor-widget elementor-widget-image-box\" data-id=\"ddd5587\" data-element_type=\"widget\" data-e-type=\"widget\" data-widget_type=\"image-box.default\">\n\t\t\t\t<div class=\"elementor-widget-container\">\n\t\t\t\t\t<div class=\"elementor-image-box-wrapper\"><figure class=\"elementor-image-box-img\"><img decoding=\"async\" src=\"https:\/\/sebastiaogomesneto.adv.br\/wp-content\/uploads\/2021\/03\/award6.svg\" class=\"attachment-full size-full wp-image-749\" alt=\"\" \/><\/figure><div class=\"elementor-image-box-content\"><h4 class=\"elementor-image-box-title\">Consultor Jur\u00eddico - CONJUR, 13 maio 2022<\/h4><p class=\"elementor-image-box-description\">Precisamos falar sobre o dano-morte nos acidentes do trabalho.<\/p><\/div><\/div>\t\t\t\t<\/div>\n\t\t\t\t<\/div>\n\t\t\t\t\t<\/div>\n\t\t<\/div>\n\t\t\t\t<div class=\"elementor-column elementor-col-50 elementor-inner-column elementor-element elementor-element-1d522d5\" data-id=\"1d522d5\" data-element_type=\"column\" data-e-type=\"column\" data-settings=\"{&quot;background_background&quot;:&quot;classic&quot;}\">\n\t\t\t<div class=\"elementor-widget-wrap elementor-element-populated\">\n\t\t\t\t\t\t<div class=\"elementor-element elementor-element-d2bd76d elementor-position-top elementor-widget elementor-widget-image-box\" data-id=\"d2bd76d\" data-element_type=\"widget\" data-e-type=\"widget\" data-widget_type=\"image-box.default\">\n\t\t\t\t<div class=\"elementor-widget-container\">\n\t\t\t\t\t<div class=\"elementor-image-box-wrapper\"><figure class=\"elementor-image-box-img\"><img decoding=\"async\" src=\"https:\/\/sebastiaogomesneto.adv.br\/wp-content\/uploads\/2021\/03\/award5.svg\" class=\"attachment-full size-full wp-image-748\" alt=\"\" \/><\/figure><div class=\"elementor-image-box-content\"><h4 class=\"elementor-image-box-title\">CONJUR, 18 jan. 2022<\/h4><p class=\"elementor-image-box-description\">A possibilidade de rateio do dano moral na morte decorrente de acidente do trabalho. <\/p><\/div><\/div>\t\t\t\t<\/div>\n\t\t\t\t<\/div>\n\t\t\t\t\t<\/div>\n\t\t<\/div>\n\t\t\t\t\t<\/div>\n\t\t<\/section>\n\t\t\t\t<section class=\"elementor-section elementor-inner-section elementor-element elementor-element-50a3e24 elementor-section-boxed elementor-section-height-default elementor-section-height-default\" data-id=\"50a3e24\" data-element_type=\"section\" data-e-type=\"section\">\n\t\t\t\t\t\t<div class=\"elementor-container elementor-column-gap-default\">\n\t\t\t\t\t<div class=\"elementor-column elementor-col-50 elementor-inner-column elementor-element elementor-element-50eebd4\" data-id=\"50eebd4\" data-element_type=\"column\" data-e-type=\"column\" data-settings=\"{&quot;background_background&quot;:&quot;classic&quot;}\">\n\t\t\t<div class=\"elementor-widget-wrap elementor-element-populated\">\n\t\t\t\t\t\t<div class=\"elementor-element elementor-element-3b27aa6 elementor-position-top elementor-widget elementor-widget-image-box\" data-id=\"3b27aa6\" data-element_type=\"widget\" data-e-type=\"widget\" data-widget_type=\"image-box.default\">\n\t\t\t\t<div class=\"elementor-widget-container\">\n\t\t\t\t\t<div class=\"elementor-image-box-wrapper\"><figure class=\"elementor-image-box-img\"><img decoding=\"async\" src=\"https:\/\/sebastiaogomesneto.adv.br\/wp-content\/uploads\/2021\/03\/award6.svg\" class=\"attachment-full size-full wp-image-749\" alt=\"\" \/><\/figure><div class=\"elementor-image-box-content\"><h4 class=\"elementor-image-box-title\">CONJUR, 13 jul. 2021<\/h4><p class=\"elementor-image-box-description\">Quem tem medo da a\u00e7\u00e3o regressiva do INSS? Consultor Jur\u00eddico.<\/p><\/div><\/div>\t\t\t\t<\/div>\n\t\t\t\t<\/div>\n\t\t\t\t\t<\/div>\n\t\t<\/div>\n\t\t\t\t<div class=\"elementor-column elementor-col-50 elementor-inner-column elementor-element elementor-element-22f9041\" data-id=\"22f9041\" data-element_type=\"column\" data-e-type=\"column\" data-settings=\"{&quot;background_background&quot;:&quot;classic&quot;}\">\n\t\t\t<div class=\"elementor-widget-wrap elementor-element-populated\">\n\t\t\t\t\t\t<div class=\"elementor-element elementor-element-87cdb16 elementor-position-top elementor-widget elementor-widget-image-box\" data-id=\"87cdb16\" data-element_type=\"widget\" data-e-type=\"widget\" data-widget_type=\"image-box.default\">\n\t\t\t\t<div class=\"elementor-widget-container\">\n\t\t\t\t\t<div class=\"elementor-image-box-wrapper\"><figure class=\"elementor-image-box-img\"><img decoding=\"async\" src=\"https:\/\/sebastiaogomesneto.adv.br\/wp-content\/uploads\/2021\/03\/award5.svg\" class=\"attachment-full size-full wp-image-748\" alt=\"\" \/><\/figure><div class=\"elementor-image-box-content\"><h4 class=\"elementor-image-box-title\">CONJUR, 05 dez. 2020<\/h4><p class=\"elementor-image-box-description\">Primeiras impress\u00f5es sobre a nova Norma Regulamentadora 31 no agro.<\/p><\/div><\/div>\t\t\t\t<\/div>\n\t\t\t\t<\/div>\n\t\t\t\t\t<\/div>\n\t\t<\/div>\n\t\t\t\t\t<\/div>\n\t\t<\/section>\n\t\t\t\t\t<\/div>\n\t\t<\/div>\n\t\t\t\t\t<\/div>\n\t\t<\/section>\n\t\t\t\t<\/div>\n\t\t","protected":false},"excerpt":{"rendered":"<p>Dr. Sebasti\u00e3o Gomes Neto &#8211; OAB 50.000 Sebasti\u00e3o Barbosa Gomes Neto nasceu em Jata\u00ed, Goi\u00e1s. Filho de uma costureira, desde os 10 anos de idade trabalhou com seu av\u00f4. Com uma mente criativa, sempre soube que queria ser advogado, e assim estudou at\u00e9 ser aprovado no vestibular da Universidade Federal de Goi\u00e1s. Ap\u00f3s ser aprovado &hellip;<\/p>\n<p class=\"read-more\"> <a class=\"\" href=\"https:\/\/sebastiaogomesneto.adv.br\/?page_id=1473\"> <span class=\"screen-reader-text\">Dr. Sebasti\u00e3o Gomes Neto<\/span> Leia mais &raquo;<\/a><\/p>\n","protected":false},"author":3,"featured_media":0,"parent":0,"menu_order":0,"comment_status":"closed","ping_status":"closed","template":"","meta":{"site-sidebar-layout":"no-sidebar","site-content-layout":"page-builder","ast-global-header-display":"","ast-banner-title-visibility":"","ast-main-header-display":"","ast-hfb-above-header-display":"","ast-hfb-below-header-display":"","ast-hfb-mobile-header-display":"","site-post-title":"disabled","ast-breadcrumbs-content":"","ast-featured-img":"disabled","footer-sml-layout":"","theme-transparent-header-meta":"","adv-header-id-meta":"","stick-header-meta":"","header-above-stick-meta":"","header-main-stick-meta":"","header-below-stick-meta":"","footnotes":""},"class_list":["post-1473","page","type-page","status-publish","hentry"],"_links":{"self":[{"href":"https:\/\/sebastiaogomesneto.adv.br\/index.php?rest_route=\/wp\/v2\/pages\/1473","targetHints":{"allow":["GET"]}}],"collection":[{"href":"https:\/\/sebastiaogomesneto.adv.br\/index.php?rest_route=\/wp\/v2\/pages"}],"about":[{"href":"https:\/\/sebastiaogomesneto.adv.br\/index.php?rest_route=\/wp\/v2\/types\/page"}],"author":[{"embeddable":true,"href":"https:\/\/sebastiaogomesneto.adv.br\/index.php?rest_route=\/wp\/v2\/users\/3"}],"replies":[{"embeddable":true,"href":"https:\/\/sebastiaogomesneto.adv.br\/index.php?rest_route=%2Fwp%2Fv2%2Fcomments&post=1473"}],"version-history":[{"count":175,"href":"https:\/\/sebastiaogomesneto.adv.br\/index.php?rest_route=\/wp\/v2\/pages\/1473\/revisions"}],"predecessor-version":[{"id":2319,"href":"https:\/\/sebastiaogomesneto.adv.br\/index.php?rest_route=\/wp\/v2\/pages\/1473\/revisions\/2319"}],"wp:attachment":[{"href":"https:\/\/sebastiaogomesneto.adv.br\/index.php?rest_route=%2Fwp%2Fv2%2Fmedia&parent=1473"}],"curies":[{"name":"wp","href":"https:\/\/api.w.org\/{rel}","templated":true}]}}