{"id":1819,"date":"2023-02-20T09:23:22","date_gmt":"2023-02-20T12:23:22","guid":{"rendered":"https:\/\/sebastiaogomesneto.adv.br\/?page_id=1819"},"modified":"2023-02-23T18:34:33","modified_gmt":"2023-02-23T21:34:33","slug":"equipe","status":"publish","type":"page","link":"https:\/\/sebastiaogomesneto.adv.br\/?page_id=1819","title":{"rendered":"Equipe"},"content":{"rendered":"\t\t<div data-elementor-type=\"wp-page\" data-elementor-id=\"1819\" class=\"elementor elementor-1819\">\n\t\t\t\t<div class=\"elementor-element elementor-element-8a5988a e-flex e-con-boxed e-con e-parent\" data-id=\"8a5988a\" data-element_type=\"container\" data-e-type=\"container\" data-settings=\"{&quot;background_background&quot;:&quot;classic&quot;}\">\n\t\t\t\t\t<div class=\"e-con-inner\">\n\t\t\t\t<div class=\"elementor-element elementor-element-8e55a3d elementor-widget elementor-widget-heading\" data-id=\"8e55a3d\" data-element_type=\"widget\" data-e-type=\"widget\" data-widget_type=\"heading.default\">\n\t\t\t\t<div class=\"elementor-widget-container\">\n\t\t\t\t\t<h2 class=\"elementor-heading-title elementor-size-default\">Nossa equipe<\/h2>\t\t\t\t<\/div>\n\t\t\t\t<\/div>\n\t\t\t\t<div class=\"elementor-element elementor-element-7a1d285 elementor-widget elementor-widget-text-editor\" data-id=\"7a1d285\" data-element_type=\"widget\" data-e-type=\"widget\" data-widget_type=\"text-editor.default\">\n\t\t\t\t<div class=\"elementor-widget-container\">\n\t\t\t\t\t\t\t\t\t<p>A equipe do Escrit\u00f3rio de Advocacia Especialista em Direito do Trabalho est\u00e1 comprometida em oferecer o melhor servi\u00e7o poss\u00edvel para nossos clientes. Os membros da nossa equipe s\u00e3o altamente qualificados e experientes no setor de direito do trabalho, possuindo conhecimentos aprofundados das leis e regulamentos que regem as rela\u00e7\u00f5es de trabalho.<\/p><p>Est\u00e1 preparada para fornecer aconselhamento jur\u00eddico eficaz e servi\u00e7os de representa\u00e7\u00e3o em todos os assuntos relacionados ao direito do trabalho. Oferecemos assist\u00eancia aos nossos clientes em quest\u00f5es relacionadas a acordos de trabalho, contratos, direitos dos funcion\u00e1rios, regras de emprego, ass\u00e9dio moral, licen\u00e7as trabalhistas, direitos de sindicaliza\u00e7\u00e3o, direitos dos trabalhadores tempor\u00e1rios, regulamentos e regula\u00e7\u00f5es trabalhistas, entre outros.<\/p>\t\t\t\t\t\t\t\t<\/div>\n\t\t\t\t<\/div>\n\t\t\t\t\t<\/div>\n\t\t\t\t<\/div>\n\t\t<div class=\"elementor-element elementor-element-0ec3cc8 e-flex e-con-boxed e-con e-parent\" data-id=\"0ec3cc8\" data-element_type=\"container\" data-e-type=\"container\">\n\t\t\t\t\t<div class=\"e-con-inner\">\n\t\t<div class=\"elementor-element elementor-element-b0f5e18 e-con-full e-flex e-con e-parent\" data-id=\"b0f5e18\" data-element_type=\"container\" data-e-type=\"container\">\n\t\t\t\t<div class=\"elementor-element elementor-element-89dbf24 elementor-widget elementor-widget-image\" data-id=\"89dbf24\" data-element_type=\"widget\" data-e-type=\"widget\" data-widget_type=\"image.default\">\n\t\t\t\t<div class=\"elementor-widget-container\">\n\t\t\t\t\t\t\t\t\t\t\t\t\t\t\t<img fetchpriority=\"high\" decoding=\"async\" width=\"1707\" height=\"2560\" src=\"https:\/\/sebastiaogomesneto.adv.br\/wp-content\/uploads\/2023\/02\/Em-quem-sou-eu-e-meu-curriculo--scaled.jpg\" class=\"attachment-full size-full wp-image-1822\" alt=\"\" srcset=\"https:\/\/sebastiaogomesneto.adv.br\/wp-content\/uploads\/2023\/02\/Em-quem-sou-eu-e-meu-curriculo--scaled.jpg 1707w, https:\/\/sebastiaogomesneto.adv.br\/wp-content\/uploads\/2023\/02\/Em-quem-sou-eu-e-meu-curriculo--200x300.jpg 200w, https:\/\/sebastiaogomesneto.adv.br\/wp-content\/uploads\/2023\/02\/Em-quem-sou-eu-e-meu-curriculo--683x1024.jpg 683w, https:\/\/sebastiaogomesneto.adv.br\/wp-content\/uploads\/2023\/02\/Em-quem-sou-eu-e-meu-curriculo--768x1152.jpg 768w, https:\/\/sebastiaogomesneto.adv.br\/wp-content\/uploads\/2023\/02\/Em-quem-sou-eu-e-meu-curriculo--1024x1536.jpg 1024w, https:\/\/sebastiaogomesneto.adv.br\/wp-content\/uploads\/2023\/02\/Em-quem-sou-eu-e-meu-curriculo--1365x2048.jpg 1365w\" sizes=\"(max-width: 1707px) 100vw, 1707px\" \/>\t\t\t\t\t\t\t\t\t\t\t\t\t\t\t<\/div>\n\t\t\t\t<\/div>\n\t\t\t\t<div class=\"elementor-element elementor-element-754ed89 elementor-widget elementor-widget-text-editor\" data-id=\"754ed89\" data-element_type=\"widget\" data-e-type=\"widget\" data-widget_type=\"text-editor.default\">\n\t\t\t\t<div class=\"elementor-widget-container\">\n\t\t\t\t\t\t\t\t\t<p><strong>Sebasti\u00e3o Gomes Neto<\/strong><\/p><p>Advogado OAB\/GO 50.000<br \/>Graduado em Direito pela Universidade Federal de Goi\u00e1s.<br \/>P\u00f3s-gradua\u00e7\u00f5es: <br \/>Especialista em Direito do Trabalho e Previdenci\u00e1rio pela PUC\/MG<br \/>Especialista em Direito Tribut\u00e1rio pelo Instituto Brasileiro de Estudos Tribut\u00e1rios &#8211; IBET\/GO.<\/p>\t\t\t\t\t\t\t\t<\/div>\n\t\t\t\t<\/div>\n\t\t\t\t<\/div>\n\t\t<div class=\"elementor-element elementor-element-1d54c54 e-con-full e-flex e-con e-parent\" data-id=\"1d54c54\" data-element_type=\"container\" data-e-type=\"container\">\n\t\t\t\t<div class=\"elementor-element elementor-element-b596d17 elementor-widget elementor-widget-image\" data-id=\"b596d17\" data-element_type=\"widget\" data-e-type=\"widget\" data-widget_type=\"image.default\">\n\t\t\t\t<div class=\"elementor-widget-container\">\n\t\t\t\t\t\t\t\t\t\t\t\t\t\t\t<img decoding=\"async\" width=\"1707\" height=\"2560\" src=\"https:\/\/sebastiaogomesneto.adv.br\/wp-content\/uploads\/2023\/02\/Foto-do-Perfil-no-site-scaled.jpg\" class=\"attachment-full size-full wp-image-2041\" alt=\"\" srcset=\"https:\/\/sebastiaogomesneto.adv.br\/wp-content\/uploads\/2023\/02\/Foto-do-Perfil-no-site-scaled.jpg 1707w, https:\/\/sebastiaogomesneto.adv.br\/wp-content\/uploads\/2023\/02\/Foto-do-Perfil-no-site-200x300.jpg 200w, https:\/\/sebastiaogomesneto.adv.br\/wp-content\/uploads\/2023\/02\/Foto-do-Perfil-no-site-683x1024.jpg 683w, https:\/\/sebastiaogomesneto.adv.br\/wp-content\/uploads\/2023\/02\/Foto-do-Perfil-no-site-768x1152.jpg 768w, https:\/\/sebastiaogomesneto.adv.br\/wp-content\/uploads\/2023\/02\/Foto-do-Perfil-no-site-1024x1536.jpg 1024w, https:\/\/sebastiaogomesneto.adv.br\/wp-content\/uploads\/2023\/02\/Foto-do-Perfil-no-site-1365x2048.jpg 1365w\" sizes=\"(max-width: 1707px) 100vw, 1707px\" \/>\t\t\t\t\t\t\t\t\t\t\t\t\t\t\t<\/div>\n\t\t\t\t<\/div>\n\t\t\t\t<div class=\"elementor-element elementor-element-8197ddc elementor-widget elementor-widget-text-editor\" data-id=\"8197ddc\" data-element_type=\"widget\" data-e-type=\"widget\" data-widget_type=\"text-editor.default\">\n\t\t\t\t<div class=\"elementor-widget-container\">\n\t\t\t\t\t\t\t\t\t<p><strong>Gabrielle Teixeira de Oliveira<\/strong><\/p><p>Estagi\u00e1ria em Direito<br \/>Cursando 10\/10 per\u00edodo do curso de Direito da UFJ.<br \/>Aprovada no XXXVI Exame da Ordem dos Advogados do Brasil.<br \/>Estagi\u00e1ria no F\u00f3rum de Jata\u00ed\/GO (2020\/2022).<br \/>Curso em Direito Processual do Trabalho\/Instituto Direito Real. (2022)<\/p>\t\t\t\t\t\t\t\t<\/div>\n\t\t\t\t<\/div>\n\t\t\t\t<\/div>\n\t\t<div class=\"elementor-element elementor-element-f94b24a e-con-full e-flex e-con e-parent\" data-id=\"f94b24a\" data-element_type=\"container\" data-e-type=\"container\">\n\t\t\t\t<div class=\"elementor-element elementor-element-d43fba6 elementor-widget elementor-widget-image\" data-id=\"d43fba6\" data-element_type=\"widget\" data-e-type=\"widget\" data-widget_type=\"image.default\">\n\t\t\t\t<div class=\"elementor-widget-container\">\n\t\t\t\t\t\t\t\t\t\t\t\t\t\t\t<img decoding=\"async\" width=\"1707\" height=\"2560\" src=\"https:\/\/sebastiaogomesneto.adv.br\/wp-content\/uploads\/2023\/02\/Tu\u0301lio-site-scaled.jpg\" class=\"attachment-full size-full wp-image-2043\" alt=\"\" srcset=\"https:\/\/sebastiaogomesneto.adv.br\/wp-content\/uploads\/2023\/02\/Tu\u0301lio-site-scaled.jpg 1707w, https:\/\/sebastiaogomesneto.adv.br\/wp-content\/uploads\/2023\/02\/Tu\u0301lio-site-200x300.jpg 200w, https:\/\/sebastiaogomesneto.adv.br\/wp-content\/uploads\/2023\/02\/Tu\u0301lio-site-683x1024.jpg 683w, https:\/\/sebastiaogomesneto.adv.br\/wp-content\/uploads\/2023\/02\/Tu\u0301lio-site-768x1152.jpg 768w, https:\/\/sebastiaogomesneto.adv.br\/wp-content\/uploads\/2023\/02\/Tu\u0301lio-site-1024x1536.jpg 1024w, https:\/\/sebastiaogomesneto.adv.br\/wp-content\/uploads\/2023\/02\/Tu\u0301lio-site-1365x2048.jpg 1365w\" sizes=\"(max-width: 1707px) 100vw, 1707px\" \/>\t\t\t\t\t\t\t\t\t\t\t\t\t\t\t<\/div>\n\t\t\t\t<\/div>\n\t\t\t\t<div class=\"elementor-element elementor-element-77326d5 elementor-widget elementor-widget-text-editor\" data-id=\"77326d5\" data-element_type=\"widget\" data-e-type=\"widget\" data-widget_type=\"text-editor.default\">\n\t\t\t\t<div class=\"elementor-widget-container\">\n\t\t\t\t\t\t\t\t\t<p><strong>T\u00falio Barbosa Gomes<\/strong><\/p>\n<p>Estagi\u00e1rio em Direito<br>Bacharel em Direito pela UFG.<\/p>\n<p>Secret\u00e1rio de dire\u00e7\u00e3o t\u00e9cnica no Hospital Estadual de Jata\u00ed \u2013 FUNDAHC-UFG (2021)<\/p>\n<p>Assessor t\u00e9cnico na Prefeitura Municipal de Alto Gar\u00e7as\/MT (2019)<\/p>\t\t\t\t\t\t\t\t<\/div>\n\t\t\t\t<\/div>\n\t\t\t\t<\/div>\n\t\t\t\t\t<\/div>\n\t\t\t\t<\/div>\n\t\t\t\t<\/div>\n\t\t","protected":false},"excerpt":{"rendered":"<p>Nossa equipe A equipe do Escrit\u00f3rio de Advocacia Especialista em Direito do Trabalho est\u00e1 comprometida em oferecer o melhor servi\u00e7o poss\u00edvel para nossos clientes. Os membros da nossa equipe s\u00e3o altamente qualificados e experientes no setor de direito do trabalho, possuindo conhecimentos aprofundados das leis e regulamentos que regem as rela\u00e7\u00f5es de trabalho. Est\u00e1 preparada &hellip;<\/p>\n<p class=\"read-more\"> <a class=\"\" href=\"https:\/\/sebastiaogomesneto.adv.br\/?page_id=1819\"> <span class=\"screen-reader-text\">Equipe<\/span> Leia mais &raquo;<\/a><\/p>\n","protected":false},"author":3,"featured_media":0,"parent":0,"menu_order":0,"comment_status":"closed","ping_status":"closed","template":"","meta":{"site-sidebar-layout":"no-sidebar","site-content-layout":"page-builder","ast-global-header-display":"","ast-banner-title-visibility":"","ast-main-header-display":"","ast-hfb-above-header-display":"","ast-hfb-below-header-display":"","ast-hfb-mobile-header-display":"","site-post-title":"disabled","ast-breadcrumbs-content":"","ast-featured-img":"disabled","footer-sml-layout":"","theme-transparent-header-meta":"","adv-header-id-meta":"","stick-header-meta":"","header-above-stick-meta":"","header-main-stick-meta":"","header-below-stick-meta":"","footnotes":""},"class_list":["post-1819","page","type-page","status-publish","hentry"],"_links":{"self":[{"href":"https:\/\/sebastiaogomesneto.adv.br\/index.php?rest_route=\/wp\/v2\/pages\/1819","targetHints":{"allow":["GET"]}}],"collection":[{"href":"https:\/\/sebastiaogomesneto.adv.br\/index.php?rest_route=\/wp\/v2\/pages"}],"about":[{"href":"https:\/\/sebastiaogomesneto.adv.br\/index.php?rest_route=\/wp\/v2\/types\/page"}],"author":[{"embeddable":true,"href":"https:\/\/sebastiaogomesneto.adv.br\/index.php?rest_route=\/wp\/v2\/users\/3"}],"replies":[{"embeddable":true,"href":"https:\/\/sebastiaogomesneto.adv.br\/index.php?rest_route=%2Fwp%2Fv2%2Fcomments&post=1819"}],"version-history":[{"count":124,"href":"https:\/\/sebastiaogomesneto.adv.br\/index.php?rest_route=\/wp\/v2\/pages\/1819\/revisions"}],"predecessor-version":[{"id":2530,"href":"https:\/\/sebastiaogomesneto.adv.br\/index.php?rest_route=\/wp\/v2\/pages\/1819\/revisions\/2530"}],"wp:attachment":[{"href":"https:\/\/sebastiaogomesneto.adv.br\/index.php?rest_route=%2Fwp%2Fv2%2Fmedia&parent=1819"}],"curies":[{"name":"wp","href":"https:\/\/api.w.org\/{rel}","templated":true}]}}